y 22?
20
Let o(n) = -16*n - 198. Calculate the remainder when 119 is divided by o(-14).
15
Let y(f) = 14*f**3 - f**2 - 18*f + 31. Calculate the remainder when y(2) is divided by 8.
7
Let s = -1104 + 1283. What is the remainder when s is divided by 88?
3
Let o(s) = -1091 + 3*s**2 + s + 1082 - 2*s**2. What is the remainder when o(9) is divided by 42?
39
Let b = 94 - 128. Calculate the remainder when (-13 - -11)/(2/b) is divided by 5.
4
Let l be 54/(-3)*(-2)/(-3). Let n be ((-2)/(-3))/(8/l). What is the remainder when 44 is divided by 15/(-2)*(n - 1)?
14
Suppose 0 = -21*o + 15*o + 84. What is the remainder when 22 is divided by o?
8
Let c = 20 + 0. Calculate the remainder when c is divided by 11.
9
Suppose -2*h - 150 - 72 = 0. Let n = 155 + h. Let t = -36 - -51. Calculate the remainder when n is divided by t.
14
Suppose 5*a - 10 = -4*g + 3*g, 6 = 3*a - 4*g. Suppose n + 0 = r - 8, -a*r = -5*n - 28. Calculate the remainder when r is divided by 9 - 5*(0 + 1).
0
Let y = -906 - -919. What is the remainder when 623 is divided by y?
12
Let w(x) = -2*x + 18. Let f be w(15). Calculate the remainder when 4/4*f*-2 is divided by 5.
4
Let x(h) = h**2 - 4*h. Let w be x(0). Let g(o) be the second derivative of o**3/6 + 31*o**2/2 - 2*o. Calculate the remainder when g(w) is divided by 11.
9
Let f = -119 + 124. Suppose -2*x - 83 = -4*o + 3*x, f*o = -4*x + 114. Calculate the remainder when 109 is divided by o.
21
Let f(s) = s - 15. Let x be f(19). Suppose -2*v - x*k = 10, -k - 3*k - 4 = 4*v. Let t(p) = -p**2 + 6*p - 6. Calculate the remainder when v is divided by t(4).
1
Let z = 9 + -14. Let n = 9 + z. What is the remainder when n is divided by 3?
1
Let a(j) = -4*j**2 - 10*j + 4. Let d be a(-7). Let v = d + 72. What is the remainder when 139 is divided by ((-56)/40)/(2/v)?
34
Suppose -143 + 147 = 2*y. Calculate the remainder when 12 is divided by y.
0
Let j be (-3)/18*-4 - (-40)/12. Suppose -4*f + 301 = 3*p - 8*p, -f - j*p = -91. What is the remainder when f is divided by 16?
15
Suppose 13275 = i + 13272. Suppose -b - 14 = -2*b. What is the remainder when b is divided by i?
2
Suppose 3*v + 2*p - 154 = 0, 5*v - 278 + 16 = 2*p. Calculate the remainder when v is divided by 17.
1
Suppose -4*v + 20 = 0, -4*v + 3 = -2*h + 11. Calculate the remainder when 489 is divided by h.
13
Let s = 87 - 34. Let u = s + -50. What is the remainder when 6 is divided by u?
0
Let f = 138 - 83. What is the remainder when 104 is divided by f?
49
Suppose -355 = -r - 4*r. Let g = -464 - -488. Calculate the remainder when r is divided by g.
23
Let k be ((-46)/8)/((-14)/(-112)). What is the remainder when (-14)/35*(0 - 30) is divided by (-207)/k + (-2)/(-4)?
2
Let b(d) = -9*d - 35. Let h(v) = -v**2 + 10*v - 3. Let o be h(11). Calculate the remainder when b(o) is divided by 23.
22
Suppose 4*t + 0*t - 68 = 0. Let j be 3 + 7/((-21)/(-6)). Suppose -3*r - 150 = -3*h, 2*h + j*r + 22 = 94. Calculate the remainder when h is divided by t.
12
Suppose -66 = -7*s + 2160. What is the remainder when s is divided by 40?
38
Let s = -120 + 153. What is the remainder when 2936 is divided by s?
32
Let l(n) = n**3 - 6*n**2 - 7*n + 16. Let w(h) = -31*h**3 - 1. Calculate the remainder when w(-1) is divided by l(7).
14
Let x = 48 + 47. Suppose 60 = -161*v + 166*v. What is the remainder when x is divided by v?
11
Suppose -2*w - u + 7 = 0, 5 = 5*u - 10. Let p be 57/(w/(-4)*-3). Calculate the remainder when (-1)/(-3) + p/3 is divided by 8.
5
Let j(s) be the second derivative of s**5/20 - 11*s**4/12 + 7*s**2 - 19*s. What is the remainder when 52 is divided by j(11)?
10
Let c be -6 + ((-7)/14)/(2/(-4)). Calculate the remainder when (-4 + 18/(-3))*6/c is divided by 7.
5
Suppose -25*x - 63*x + 4664 = 0. Suppose 0 = l + 2*l - 63. What is the remainder when x is divided by l?
11
What is the remainder when 281 is divided by (1 - 11/5)*1710/(-36)?
53
What is the remainder when ((-31)/2)/(58/20 - 3) is divided by 84?
71
Let l(u) = 2*u**2 + 12*u - 23. Let f be l(-15). Calculate the remainder when 219 is divided by 13559/f - 4/(-38).
54
Let d be (-131)/(-1) + 0 + 0. Let i = 241 - d. Suppose 6 + 42 = 2*v + 4*m, v - 38 = 5*m. What is the remainder when i is divided by v?
26
What is the remainder when 328 is divided by 9/15 - 720/(-50)?
13
Let q = 1 + 3. Suppose 0*b - 8 = -4*j - 3*b, -j + q*b = -21. What is the remainder when (0 - 3)*39/(-9) is divided by j?
3
Let u(l) = -5*l - 18. What is the remainder when u(-26) is divided by 5?
2
Let m = -60 + 66. Calculate the remainder when m is divided by 3.
0
Suppose 3*v = -2*o + 96, -o = -5*v + 12 - 73. What is the remainder when o is divided by 8?
3
Let v(l) = -l**2 + 9*l - 17. Let z be v(4). Suppose 3*g - 2*i = -g + 42, z*g = 4*i + 39. Calculate the remainder when 16 is divided by g.
7
Suppose -u - 11 + 57 = -z, 2*z = u - 42. Suppose -m + 0*m = -u. Calculate the remainder when m is divided by 17.
16
Suppose 4*t = 94 + 122. Calculate the remainder when t is divided by 15.
9
Let m(y) = -y - 3. Let v be m(-6). Let s be ((-18)/12)/(v/(-4)). Suppose -s*u = -6*u + 36. Calculate the remainder when u is divided by 5.
4
Calculate the remainder when 21 is divided by (-5 + 20/(-4))/(-1*2).
1
Let r = 1 + 19. Calculate the remainder when (-30 - -36)*(-114)/(-9) is divided by r.
16
Suppose -6*a = -0*a - 312. Let v be (a/6)/(4/12). Suppose 3*f + 2*m - 3*m = v, -4*f + 8 = 4*m. Calculate the remainder when f is divided by 4.
3
Let j(x) = 4*x**2 + 2*x - 2. Let k be j(-10). Suppose k = 5*y + 2*y. What is the remainder when y is divided by 15?
9
Suppose -g - 3*v = -14, 3*v - 34 = -11*g + 9*g. Calculate the remainder when 3 - 4 - (-3 + -77) is divided by g.
19
Suppose 6*q - 3*q - 33 = -d, 0 = 4*d - q - 171. What is the remainder when (-1 - 1) + 2 + 123 is divided by d?
39
Suppose 234 = 2*z + 3*r, 0 = 2*r - 64 + 68. What is the remainder when z is divided by 44?
32
Suppose -5*s = p + 442, -5*s + 4*p - 432 = -0*s. What is the remainder when 19 is divided by s/(-16) - (-2)/(-4)?
4
Suppose -c - 3*s = -3*c + 521, 261 = c - 2*s. Calculate the remainder when c is divided by 44.
39
Let m = 55 - 47. Let k be -1 + 4 + (-4)/(-2). Suppose 0 = n - m - k. Calculate the remainder when 24 is divided by n.
11
Let w(i) be the first derivative of i**4/2 - 7*i**3/3 - 11*i**2/2 + 6*i - 1. Let x be w(6). Calculate the remainder when ((-12)/20)/((-4)/x) is divided by 11.
7
What is the remainder when 155 is divided by ((-237)/6)/(-2 + 6/4)?
76
Suppose -3*y - 26 = -h + y, 2*y = -2. What is the remainder when 107 is divided by h?
19
Let j(g) = -g**3 - 8*g**2 - 14*g - 6. Calculate the remainder when j(-7) is divided by 22.
21
Suppose -4*b + 4 + 4 = 0. Suppose 0 = b*x + 8, -4*x = 3*d - 7*d + 160. Calculate the remainder when d is divided by 10.
6
Let f(t) = -t**3 - 2*t**2 - t - 12. Let b be f(0). Calculate the remainder when (57/b + 3)*-4 is divided by 4.
3
Let g(x) = -x**2 - 7*x - 5. Let r be g(-6). Suppose -j = o - 5*j, -j = -r. What is the remainder when (-52)/(-4 - 0) + o is divided by 5?
2
Suppose -12*i + 11*i = -11. Let u = i + 30. What is the remainder when u is divided by 23?
18
Let n be -2 + (-3)/(9/75) + 0. Let t = 36 + n. Calculate the remainder when 61 is divided by t.
7
Let f be -4 + 436/4 + -4. Let o = f + -54. What is the remainder when o is divided by 24?
23
Let n be (-57)/(-9) - (-8)/12. Let k be (-2 + -60)*(-6)/4. Suppose n*m - 4*m - k = 0. Calculate the remainder when m is divided by 16.
15
Let x = 27 + -22. Suppose -11 + 51 = x*f. Suppose f*g + 56 = 10*g. What is the remainder when g is divided by 15?
13
Suppose -d - 4*d + 56 = -p, 3*d = p + 34. Let o be 6*4/((-16)/(-44)). Suppose 2*b - o = 14. Calculate the remainder when b is divided by d.
7
Suppose 0 = -4049*g + 4051*g - 254. What is the remainder when g is divided by 105?
22
Let d = 1924 + -1858. Calculate the remainder when d is divided by 4.
2
Let o(c) = c**3 + 10*c**2 - 10*c + 8. Calculate the remainder when o(-6) is divided by 71.
70
Suppose -u + 144 = -3*t - 53, 0 = 2*u + 3*t - 385. What is the remainder when u is divided by 22?
18
Suppose 0 = -4*g - 4*x + 40 - 12, 4*g + 2*x - 28 = 0. Let n be (-1)/5 + (-404)/(-20). What is the remainder when g is divided by (n/(-12))/((-20)/(-12) + -2)?
2
Let c = -5712 + 5775. Let g(i) = i**2 - 5*i. Let m be g(5). Calcu